ommon factor of b and f.
28
Suppose -4*y - 2*a = -1404, 537 = 3*y + 10*a - 533. What is the highest common divisor of 14 and y?
14
Let u = -356 + 446. Calculate the highest common divisor of u and 80.
10
Let m(q) = q - 5. Let w be m(4). Let y(p) = 11*p**2 + 3*p + 2. Let u be y(w). Let h be (-16)/u*(-385)/14. Calculate the greatest common factor of 4 and h.
4
Let a = -199 - -265. What is the highest common factor of a and 12?
6
Suppose 15*y - 18*y = -1539. What is the greatest common divisor of y and 57?
57
Let c = -1275 - -2075. What is the greatest common factor of 25 and c?
25
Let j = -353 + 418. Calculate the greatest common divisor of 91 and j.
13
Suppose -3*f = -2*j + 30, -4*j + 37 + 23 = -5*f. What is the highest common divisor of j and 165?
15
Let f = 130 + -50. Suppose -2*n - 4*u = -32, 0 = n + 4*n + 2*u - f. Let s = 8 - -32. What is the highest common factor of n and s?
8
Suppose 2*x = 3*n + 42, -96 = -5*x + n - 4. Let f = x + 15. Calculate the highest common factor of 33 and f.
33
Let p(d) = 6*d**2 + 23*d - 22. Let k(f) = f**2 + f + 1. Let l(q) = 5*k(q) - p(q). Let s be l(-19). Calculate the highest common factor of 32 and s.
8
Suppose -3*u + 207 = 5*w, 4*u + w - 195 = u. Calculate the greatest common factor of u and 16.
16
Let p be (25 + -17 + (0 - -2))*3. What is the greatest common divisor of 400 and p?
10
Let u(g) = -24*g - 4. Let x be u(-6). Suppose 0 = 2*b - 181 - 43. Let c = b + -92. What is the highest common divisor of x and c?
20
Suppose 0 = 2*z - 2*j - 2330, -5*z + z - 2*j + 4642 = 0. Calculate the greatest common factor of 14 and z.
14
Let h(s) = -s**3 - 8*s**2 - 9*s - 16. Let q be h(-7). Let d be (3 + 4 + q)/((-2)/(-16)). What is the greatest common factor of d and 30?
10
Let f(u) = u**2 - 10*u. Let o be f(10). Suppose o = -3*s - 15 - 18. Let b be 2/(-2) + (-2 - s). What is the highest common divisor of 32 and b?
8
Let i = 233 + -395. Let w = i - -354. Calculate the highest common factor of w and 12.
12
Let c = 99 - 88. Suppose c*k = -25 + 278. Calculate the highest common factor of 115 and k.
23
Let z = -103 + 313. Let o be (3/(-2))/((-3)/z). Let w be (-209)/(-5) + 2/10. What is the highest common divisor of o and w?
21
Let h be (-32)/112 + 32/14. Suppose -v + 251 = 3*d, 2*d - h*v - 171 = v. Calculate the highest common factor of 36 and d.
12
Let b(l) = 10*l**2 + 18*l + 6. Let j be b(-3). Let u = 89 - 26. What is the greatest common factor of u and j?
21
Suppose 4*v = 2386 - 1322. Calculate the greatest common divisor of 56 and v.
14
Let v(i) = i**3 + 6*i**2 + i. Let g be v(-4). Let f be (24/5)/((-28)/(-490)). What is the greatest common divisor of g and f?
28
Suppose -4*t = -133 + 13. Suppose d - 4*m + 9*m - t = 0, -210 = -4*d - 2*m. What is the greatest common divisor of d and 5?
5
Let s(g) = -g**3 + 2*g + 3. Let t be s(3). Let i(u) = -u**3 - 20*u**2 - 37*u - 10. Let h be i(t). Calculate the highest common factor of h and 88.
8
Suppose -17 = -r - 15. Let p be (4/r - -124)*(13 + -12). Calculate the greatest common factor of p and 14.
14
Suppose -2*c = -1 - 1. Let n = c - -24. Calculate the greatest common divisor of n and 10.
5
Suppose 5*j - 5*a - 60 = 0, j + 2*j + 4*a = 8. Let m(n) = -n**2 - 3*n + 26. Let g be m(-6). What is the greatest common divisor of j and g?
8
Let h(t) = -5*t - 17. Let k be h(-4). Suppose 5*f - 222 = -k*d, 0 = d - 6*d - 5. What is the greatest common factor of f and 225?
45
Let q be ((-66)/4)/(12/(-8)). Calculate the greatest common factor of q and 165.
11
Let y(d) = d**2 + 5*d - 1. Let i be y(-6). Let z be 2 + 1 + (i - -1). Suppose 4*s + 5*o - z = -0*o, 2*o = -s. Calculate the greatest common divisor of 66 and s.
6
Suppose 0 = -2*v + d + 38, 34*d = 3*v + 35*d - 67. Let n(s) = 6*s**2 + 4*s. Let m be n(-3). What is the greatest common factor of m and v?
21
Suppose 40 = 3*k + 2*k. Let x = k + -4. Let z be (x - 3) + (-1 - -13). Calculate the highest common factor of z and 143.
13
Let n = 24 + -19. Suppose n*s - 17 - 28 = 0. Let r be -81*1/s*-3. What is the highest common divisor of r and 27?
27
Let x be ((-9)/15)/((-5)/25). What is the greatest common factor of 34 and x?
1
Let p(i) = -22*i + 19*i + 18*i. Let b be p(1). Calculate the highest common factor of b and 6.
3
Let p = -2109 - -2343. What is the greatest common factor of 18 and p?
18
Suppose 12*i + 7*i = 266. Let a = 270 + -116. What is the greatest common factor of a and i?
14
Let r be (-13)/(-3)*(-1 - -16). Suppose -5*h + 86 - 16 = 5*i, -5*i - 2*h = -67. Calculate the highest common divisor of r and i.
13
Let y(p) = 288*p**2 - 1. Let s be y(-1). Calculate the greatest common divisor of 41 and s.
41
Suppose 3*p - 78 = x, -58 = -3*p - x + 20. Calculate the highest common divisor of p and 1144.
26
Let p be (-668)/(-60) - 2/15. Let x(a) = a**2 - 10*a - 9. Let i be x(p). Let c be (-7)/((-2)/(i + 2)). Calculate the greatest common factor of 14 and c.
14
Let g = -209 - -317. Let z be 4/20 - 134/(-5). What is the highest common factor of g and z?
27
Let p(t) = -2*t**2 - 14*t - 10. Let k be p(-6). Calculate the greatest common divisor of 14 and k.
2
Suppose -3*g = -8*g - 3*j + 31, -2*g + j = -8. Suppose -2*h = -g*c - 34, 0 = -h + 5*h + 2*c - 92. Calculate the greatest common factor of h and 110.
22
Let x = -269 - -413. Suppose x + 38 = 2*o. Suppose f = 4*c - 2*f - 40, 10 = 2*c - 4*f. Calculate the highest common factor of o and c.
13
Let g(y) = y - 1. Let x be ((-6)/1)/(18/(-12)). Let o be g(x). Suppose 0 = -2*q - o*q + 75. Calculate the greatest common factor of 15 and q.
15
Let r = 1786 + -1740. What is the highest common divisor of 3358 and r?
46
Let t = 3 - 2. Let o be -6 - (-98)/14*(-3 - -5). Calculate the greatest common divisor of o and t.
1
Suppose 2*t = -2*r + 298, -5*t + 749 = 5*r - 4*r. Calculate the greatest common divisor of t and 120.
30
Suppose -30 = -v + 3*q - 5*q, -v + 4*q = -36. What is the greatest common divisor of 60 and v?
4
Suppose 5*i = -0*i + 4*d + 896, 4*i = -3*d + 723. What is the highest common divisor of 36 and i?
36
Suppose 0 = 4*p, 3*k = -0*k + 5*p + 84. Let z = k - -192. What is the highest common factor of 88 and z?
44
Suppose 0 = 2*i + a - 4060, -i + 10124 = 4*i - 4*a. Calculate the highest common factor of 12 and i.
12
Suppose 3*d + 9 = 3*o, 2*o + 0*o + 1 = -5*d. Suppose 0 = a + o*a. Suppose a = w - 5*w + 572. Calculate the highest common factor of w and 13.
13
Let k be 0 - 3 - (4 + -31). Let d(p) = -p**2 - 3*p + 24. Let f be d(-6). Calculate the greatest common divisor of k and f.
6
Let g be 280/35 - (1*-1 - 33). What is the highest common factor of 2982 and g?
42
Let n be (8/(-12))/(2/(-459)). What is the greatest common divisor of n and 102?
51
Suppose -2*n - k + 22 = -3*k, 0 = -n - 2*k - 4. Suppose -10 - 10 = -4*q + 3*g, -4*q = 5*g + 12. What is the greatest common factor of q and n?
2
Suppose 9*d = 7*d + 20. Let p = -5 - -11. Suppose 18 = 2*n - 2*h, n - p*h = -h + 5. What is the greatest common divisor of d and n?
10
Let u(g) = -2*g**2 - 6*g + 8. Let h be u(-4). Let b = h + 14. Let l be 492/b - 1/7. Calculate the highest common factor of 14 and l.
7
Let w = 56 - 51. Suppose z + 328 = w*z. Calculate the highest common factor of z and 205.
41
Let x(z) = z**2 - 2*z - 2. Let t be x(-5). Suppose 0*y - 15 = -5*y, -y - t = -3*p. Calculate the highest common factor of 2 and p.
2
Suppose -4*r - 9 = -5*r. Let f = 14 - r. What is the greatest common factor of 55 and f?
5
Suppose -2*j = -4*i - 5*j + 77, 0 = j + 1. Let l = 14 - 14. Suppose -g + 30 + l = 0. What is the highest common factor of g and i?
10
Let a = 67 + -163. Let x be (a/(-20))/((-2)/(-5)). Calculate the highest common factor of x and 4.
4
Suppose 0 = -5*n + 3*n + 162. Suppose -4*h = -6*h + 6. Calculate the greatest common factor of n and h.
3
Suppose 2*o + 2*t = 4*t + 4, -t + 28 = 4*o. Suppose -4*s = -o*s + 48. Calculate the highest common factor of 16 and s.
8
Suppose -5*s = -s - 1452. Suppose -4*q + 12 = 0, 2*q + s = 5*t + 3*q. Let u be (6/(-4))/((-2)/12). What is the greatest common divisor of u and t?
9
Let r be ((-2)/(-6))/((-5)/(-150)). What is the highest common factor of r and 68?
2
Suppose -9*f + 12 = -7*f. Let r = 8 + -5. Suppose f*p - 90 = r*p. What is the highest common factor of p and 12?
6
Let k = -40 + 75. Suppose 0 = -5*o - 3*v + 35, o 